+ 10. Suppose 3*l - 244 = -2*l + t, q = 2*l - 2*t. List the prime factors of l.
2, 3
Suppose 0*n = -2*n + 16. Suppose a = -n - 1. Let v = 27 + a. List the prime factors of v.
2, 3
Let y(u) = -4*u**2 - 2*u - 1. Let x be y(-2). Let j = 15 + x. List the prime factors of (-74)/(-9) + j/(-9).
2
Let c(h) = h**3 + 9*h**2 + 6*h + 23. Let u be c(-9). What are the prime factors of 24/(-3) - -4 - u?
3
Suppose 4*m = -4*q - m + 960, -5*q + 4*m = -1241. Suppose q + 263 = 3*z + 4*l, 332 = 2*z - 4*l. List the prime factors of z.
2, 3, 7
Let f(v) = 7 - 10*v + 6*v**2 + 9 - 12 + 0. Let d be f(7). Suppose 0 = -4*n - 0*n + d. What are the prime factors of n?
3, 19
Suppose 3*z - 2 = -4*a + 58, 0 = -2*z - 2*a + 42. Let h = z - -1. List the prime factors of h.
5
Suppose 0*k - 3*k + 4*f + 625 = 0, f - 1011 = -5*k. Let q = 385 - k. What are the prime factors of q?
2, 7, 13
Let c(k) = -k + 19. Let q be c(19). Let h = q + 33. What are the prime factors of h?
3, 11
Let c(y) = y**3 - 18*y**2 + 20*y - 6. Let q be c(17). Let v = q + -15. What are the prime factors of v?
2, 3, 5
Let h(v) = -v**3 - 3*v**2 - 3*v - 2. Let a be (-5)/4 - 9/12. Let m be h(a). Suppose 3*t + d + 3*d = 156, m = -2*t + 5*d + 104. What are the prime factors of t?
2, 13
Let p(g) = -g**3 - 5*g**2 + 3*g - 2. Let o be p(-4). What are the prime factors of ((-135)/o)/(1/36)?
2, 3
Let l(q) = q. Let b(i) = -i**3 - 5*i**2 - 3*i - 2. Let n(r) = b(r) + 6*l(r). Let o be n(-6). What are the prime factors of 2/(-1) + o/2?
2, 3
Suppose 0 = 2415*h - 2419*h + 7520. List the prime factors of h.
2, 5, 47
Let x be ((-9)/12 - (-1)/(-4))*1. What are the prime factors of (-1)/x*(-2 - -1)*-131?
131
Let o(w) = 2*w**3 + 2*w**2 + 4*w - 6. Let p = 13 + -10. List the prime factors of o(p).
2, 3, 13
Let a = -35 - -40. Suppose 3*z + a*m - 112 = 8, 2*z - 4*m - 58 = 0. What are the prime factors of z?
5, 7
Let h = 746 + -516. What are the prime factors of h?
2, 5, 23
Suppose 2*l + 983 = 4943. List the prime factors of l.
2, 3, 5, 11
Suppose 3*l + 3653 = 5*i + 6*l, 4*l - 2924 = -4*i. List the prime factors of i.
2, 5, 73
Suppose -4*p + 3*o + 3800 = 4*o, 5*p = -2*o + 4747. List the prime factors of p.
3, 317
Let w = -16 + 16. Suppose w = -z + 16 + 7. What are the prime factors of z?
23
Let p be 50*4/10*1. Suppose p*m + 552 = 24*m. List the prime factors of m.
2, 3, 23
Let y = -27 - -74. Let j = y - 21. Suppose -o + 0*o - 1 = 3*s, s = 2*o - j. What are the prime factors of o?
11
Suppose 0 = d - 5*d. Suppose 4*n - 271 = n + 2*y, d = 4*n - 3*y - 361. Let f = n - 62. What are the prime factors of f?
29
Let l = 23 - 17. Suppose 0 = -y + 9 + l. Suppose -f + 31 = n, f - 2*n = 13 + y. What are the prime factors of f?
2, 3, 5
Let x = 70 - -62. Suppose x = i - 24. List the prime factors of i.
2, 3, 13
Let d(t) = -t**3 - 9*t**2 + t + 9. Let i be d(-9). Suppose s - 3*y - y - 71 = i, y = -3*s + 265. Suppose -7*k = -4*k - s. What are the prime factors of k?
29
Let m(x) = -1951*x - 145. What are the prime factors of m(-2)?
13, 17
Let o(r) = -r**3 - r**2 - 6. Let x be o(0). Let v(w) = -2*w**2 - 6*w + 6. Let b be v(x). What are the prime factors of (-4)/b + (-939)/(-45)?
3, 7
Let l be -2 + -4*(-8 - -2). Suppose 3*c + l = c - 2*h, -5*c + 4*h - 55 = 0. What are the prime factors of 1 + 8 + (-9 - c)?
11
Let l = 1356 + -1366. Let u be 2/(-6) - 85/(-3). List the prime factors of 10/6*(l + u).
2, 3, 5
Suppose -55 - 230 = -3*p. List the prime factors of p.
5, 19
Let z = 325 - 105. List the prime factors of z.
2, 5, 11
Let x(q) = 285*q - 228. List the prime factors of x(11).
3, 17, 19
Suppose -2*m = 3*m. Suppose 7*i - 931 + 294 = m. What are the prime factors of i?
7, 13
Let v be 3 - (1 + -1 + 0). Suppose -17*h + 12*h = -100. Suppose o - v*o = -h. What are the prime factors of o?
2, 5
Suppose -4*g = -g - 33. Suppose g = r - 5. What are the prime factors of (-1*2)/(r/(-72))?
3
Let i be (-1)/6 + 185/30. Suppose -i + 0 = -3*y. Suppose 0 = y*u - 12 - 2. List the prime factors of u.
7
Let z be (-31 + 29)/(-1 - (-422)/424). Let q = -174 + z. List the prime factors of q.
2, 5
Let k(j) = -41*j**3 + 2*j**2 - 2*j + 1. Let u be k(1). Let d = u + 67. List the prime factors of d.
3
Let u = -37 - -36. Let g(p) = -29*p - 3. What are the prime factors of g(u)?
2, 13
Let a = 1940 + -980. List the prime factors of a.
2, 3, 5
Let g(b) = b**3 - 34*b**2 + 47*b + 75. List the prime factors of g(34).
7, 239
Let q(x) = -6*x + 9. Let v be q(-5). Suppose -3*b = -3*d - 0*b + v, 4*d - 53 = 3*b. What are the prime factors of d?
2, 7
Let u = 31 - 26. What are the prime factors of (6*u - 1)/1?
29
Let f(p) = 5*p + 13. Let u be f(-6). Let a = 36 + u. Let s = a - 8. What are the prime factors of s?
11
Suppose 3 + 18 = -3*c. Let q be 2/c - (-255)/35. Let a = 42 - q. What are the prime factors of a?
5, 7
Suppose -5*c = -4*x - 0*x + 63, -4*x = c - 45. Let l = 22 - x. List the prime factors of l.
2, 5
Let i = -406 - -584. List the prime factors of i.
2, 89
Let a = 29 + -16. Let n(f) = -f**2 + 14*f + 2. List the prime factors of n(a).
3, 5
Suppose 4*z = 9*z. Suppose -72 = -0*c - c + 5*m, -5*c + 2*m + 245 = z. List the prime factors of c.
47
Let b = 45 - 42. Let a(h) = 3*h + 2. List the prime factors of a(b).
11
Let z be (4/(-6))/(2/9). Let m be -5 - z - (2 - 11). Let k = m + 0. What are the prime factors of k?
7
Suppose i - 2*f = 588, -2*f + 1739 = 3*i - 3*f. List the prime factors of i.
2, 17
Let w = 10 + -7. Suppose -w*i + 4*p + 34 = 0, -4*i - 2*p = 3*p - 35. Let b(m) = m**2 - 6*m + 14. What are the prime factors of b(i)?
2, 3
Suppose 13*c = 9*c + 64. Suppose 0*o - 2*o = -c. Let z(y) = 3*y + 9. What are the prime factors of z(o)?
3, 11
Let n(j) = j**2 + 18*j + 34. Let f be n(-16). Suppose -3*i = -4*i - 13. Let v = f - i. What are the prime factors of v?
3, 5
Suppose -3*a + 5014 = -4*f - 4278, -6195 = -2*a + 3*f. What are the prime factors of (-4)/(-22) - (a/(-33) - 0)?
2, 47
Let u = 22 - 20. Suppose 0 = j - 5*i + 16, j - u*i + 4 = -3*i. Let g(l) = -l**3 - 4*l**2 + 3*l - 8. List the prime factors of g(j).
2, 23
Suppose 0 = 3*q - 6*q. Suppose q = -2*n - 4*d + 8 - 0, 2*n - 2*d - 8 = 0. Suppose 54 - 14 = n*t. What are the prime factors of t?
2, 5
Let f(y) be the third derivative of -y**4/24 + 3*y**3/2 + 3*y**2. What are the prime factors of f(-7)?
2
Suppose -2*p - 69 + 1086 = u, -5*p = -3*u - 2515. What are the prime factors of p?
2, 11, 23
Let f(c) = c**3 - 12*c**2 - 13*c + 22. List the prime factors of f(15).
2, 251
List the prime factors of (6/4)/((-5)/(11940/(-18))).
199
Suppose -22*t = -4*t - 36. List the prime factors of t/1*1 + 287.
17
Let y = 1325 - -642. List the prime factors of y.
7, 281
Suppose 5*m = -2973 + 11888. What are the prime factors of m?
1783
Let b(m) = 26*m**2 - 12. List the prime factors of b(4).
2, 101
Suppose 2*h - 4*h = -4*b - 2, 2*h = 3*b + 2. Let c be h*-1 + -5 + 8. Suppose 2*f = 6 - c. What are the prime factors of f?
2
Suppose 1439 = 5*y - 1621. Suppose 3*l - 5*d + d - 463 = 0, -4*l + 4*d = -y. List the prime factors of l.
149
Suppose 3*b - 4*g = 1296, 16*b + 4*g = 18*b - 868. What are the prime factors of b?
2, 107
Suppose 0 = -4*v + 4*f + 1236, -4*v - 5*f + 1271 = -2*f. What are the prime factors of v?
2, 157
Let z = -218 + 742. List the prime factors of z.
2, 131
Let k = 1125 + -573. What are the prime factors of k?
2, 3, 23
Let a(z) = -z**3 - 10*z**2 - 4*z + 15. Let l be a(-8). Let g = l + 120. What are the prime factors of g?
3, 13
Let b(o) be the second derivative of 311*o**5/20 + o**4/6 - 6*o - 1. List the prime factors of b(1).
313
Let m be (3 - 6/2)*-1. Suppose -3*p + 16 + 5 = m. Suppose -3*j + p = -g + 2*g, 3*g + 3*j - 27 = 0. What are the prime factors of g?
2, 5
Let k(f) = 7*f**3 - 7*f**2 + 20*f + 20. Let z(o) = 3*o**3 - 4*o**2 + 10*o + 10. Let u(i) = -2*k(i) + 5*z(i). List the prime factors of u(7).
3, 43
List the prime factors of 0 - 13/((-182)/(-36))*-7.
2, 3
Suppose w - 4 = -2. Let q be 6*w/(0 + -2). What are the prime factors of (-80)/q + 2/3?
2, 7
Let o = 7 - -2. Let w(r) = 17*r - 8. Let a be w(o). Suppose -4*q + a = q. What are the prime factors of q?
29
List the prime factors of ((-94)/8)/(582/(-48) - -12).
2, 47
Let i be 66/(-30) + (-3)/(-15). Let d = i - -65. List the prime factors of d.
3, 7
Let f(y) = -y**2 + 21*y + 22. Let q be f(21). Suppose